 y = -192 + f. Let s = y - -67. Is s a composite number?
False
Let l be (4 + 8/(-4))*4769. Suppose k - l = -r, 7*r + 19055 = 2*k + 2*r. Is k composite?
True
Let p be (-150)/25 + (-5657)/(-1). Let n = p - -818. Is n a prime number?
True
Let h = -40 - -46. Is 746*(-3 + h - 2) prime?
False
Let i(g) = g**3 + 13*g**2 - 29*g + 4. Let f be i(-15). Let t(z) = z + 98. Is t(f) a prime number?
False
Suppose 3*h + 2*i = 15, -4*i + 3 = 4*h - 17. Suppose -5 = -4*r + 3. Suppose -2*a - 1628 = -h*q, -q - r*q + 4*a + 974 = 0. Is q composite?
True
Let y = 70157 + 19802. Is y a prime number?
True
Suppose -105*d = -109*d + 12756. Suppose d = c + 1060. Is c a composite number?
False
Let x = -66 - -70. Suppose 5*l = -2*m - x, -2*m - 3*m = l + 10. Suppose 5*r - 3*g = 7*r - 397, -r - 4*g + 211 = l. Is r prime?
True
Let k(r) = 101*r + 44. Let w(h) = 101*h + 42. Let c(u) = 6*k(u) - 5*w(u). Is c(19) a composite number?
False
Let b(f) = -1500*f + 37. Let t be ((-72)/9 - -4) + 2*1. Is b(t) a composite number?
False
Let t(q) = q**3 - q + 2. Let w be t(0). Suppose -w = -b + 1. Suppose -2061 = -b*p - 2*a, -3*a + a = 0. Is p a composite number?
True
Suppose 0 = -3*x + 4*o - 12, 0 = -5*x - 0*o - 3*o + 9. Suppose x = -22*a + 18*a + 116720. Is 1/(-4*(-5)/a) prime?
True
Suppose -4*h + h + 2 = -19. Let r(b) = -3*b**3 + 10. Let v(j) = -3*j**3 - j + 10. Let c(s) = -5*r(s) + 4*v(s). Is c(h) prime?
True
Suppose -5*g + 3*r + 3816 = r, 4*g - 3*r - 3057 = 0. Let n = 1505 - g. Is n a prime number?
True
Let b(n) = -3*n - 20. Let y be b(-8). Suppose -2*c + 5*u = -928, u - 3*u - 1888 = -y*c. Suppose -c = 5*a - 2569. Is a a composite number?
False
Is 7/(-42) + (-734637)/(-18) a prime number?
True
Let w(h) = h**2 - 49*h + 392. Let l be w(10). Suppose 301 = 4*s - 119. Suppose 2*m - v - s = 0, -3*m - l*m + 4*v + 255 = 0. Is m prime?
False
Let b(o) = -1 - 4 + 33*o**2 + 5*o + 2 + 0. Suppose -345 + 369 = 6*u. Is b(u) prime?
False
Suppose -37*a = -26*a - 428879. Is a prime?
False
Let o(c) = 2200*c**2 + 5*c + 6. Let f = -75 + 74. Is o(f) a composite number?
True
Let c be ((-14)/(-35))/((-6)/(-60)). Suppose c*w + 51627 = 5*a, 2*a + w = 4*w + 20648. Is a composite?
True
Suppose -228*p + 231*p = -5*k + 21937, 0 = k + 5*p - 4361. Is k prime?
True
Let h(z) = -647*z - 9. Let v(a) = -a**2 - 3*a + 3. Let x be v(2). Let s be h(x). Suppose 5*i = -3*g + s, 3*i = 3*g - 0*g + 2736. Is i a composite number?
False
Is (-32587065)/252*16/(-20) composite?
False
Suppose 0 - 30 = -6*y. Suppose 0 = -y*i - 2*n + 13059, -4*n + 7436 = 5*i - 5627. Is i prime?
False
Suppose -h + 15 = 3*o - o, -5*h + 115 = 2*o. Suppose 2*w - w - 2*d = 297, 0 = 5*d - h. Is w prime?
True
Suppose 14*o + 217 = 21*o. Suppose -51505 + 211992 = o*n. Is n a composite number?
True
Let o be 2*1*-6*53273/(-44). Let k = o - 10332. Is k composite?
True
Let s(u) = 19*u**2 + 32*u - 53. Let q be s(20). Is 28/21*q/4 a prime number?
True
Let w be 82/26 - (-14 - 2760/(-195)). Let o(g) = -25903*g**3 - g**2 - g - 1. Let s be o(-1). Is (w/2)/(3/s*9) a composite number?
False
Suppose 1301383 = -14*j + 37*j + 24*j. Is j composite?
False
Let c(j) be the second derivative of 2*j**3 - 11/2*j**2 + 2/3*j**4 - 2*j + 0. Is c(-9) a composite number?
True
Let w(m) = -m**3 + 10*m**2 + 23*m + 11. Let f be w(12). Let j(z) = -29*z**2 + 4*z + 3. Let y be j(f). Is (-4797)/(-5) + 12/y a prime number?
False
Let m = 3260 - -57601. Is m prime?
False
Let k(v) = -v + 2 + 4 + 0*v - v**2 - v. Let x be k(-3). Suppose 3590 = 5*h - 4*f, -x*f = -4*f. Is h a composite number?
True
Suppose -5*k = 5*c - 13288 + 138, -5*c = -4*k + 10547. Is k a composite number?
False
Is ((-6355646)/(-77) - (-2)/14)*1 a prime number?
False
Let b(g) = -10*g - 77. Let v be b(-7). Is 677 + ((-442)/119 - (-2)/v) prime?
True
Suppose 939*m - 944*m - 1260512 = -3*o, o - 5*m - 420174 = 0. Is o a composite number?
True
Let z(w) = -488*w - 675. Is z(-17) composite?
False
Let g(r) = r**3 + 10*r**2 + 10*r + 1. Let n be g(-8). Let f = n + -46. Suppose -30 = f*q - 108. Is q a composite number?
True
Suppose 7*n + 78 = 33*n. Suppose -1425 = -5*m + 5*y, -n*y + 1320 = 5*m - 121. Is m a prime number?
False
Let s be (5 + 10/(-8))/((-6)/(-8)). Suppose 0 = 3*f + 6 - 51. Is (s/f)/((-2464)/(-2463) - 1) a composite number?
False
Suppose -3*r = 5*g - 39386, -3*g = -4*r - 15522 + 68027. Is r a composite number?
False
Suppose 4*l + w = 2407, 7*l = 2*l + 2*w + 3012. Let m = 1195 + l. Is m a composite number?
True
Let s = 137 + -322. Suppose -v = v - 2164. Let p = v - s. Is p a composite number?
True
Let j = 298 + -179. Suppose -79 = -j*t + 118*t. Is t composite?
False
Let n(d) = d**3 + 9*d**2 + 5*d + 57. Let x be n(-9). Let z(m) = 14*m - 29. Let b(i) = -14*i + 28. Let w(q) = -4*b(q) - 3*z(q). Is w(x) a composite number?
True
Let t = -455 + 451. Suppose 2*a + 3*a - 11068 = -3*l, 0 = -l + 1. Is ((-4 - 6) + 6)*a/t a composite number?
False
Let f = -43 + 73. Suppose -f*m + 15 = -27*m. Suppose 0 = -8*g + m*g + 2019. Is g a prime number?
True
Suppose -5*h + 590307 = -2*x, 4*h + 314*x = 312*x + 472260. Is h a composite number?
True
Suppose -42*x = -24*x - 758358. Is x a composite number?
False
Let c(s) = 50*s**3 - 31*s**2 - 28*s - 84. Is c(11) a composite number?
True
Let f be -6*(3100/12)/(-5). Let w = f - -3270. Let x = w - 2534. Is x composite?
True
Let v = -10299 - -14626. Is v a composite number?
False
Is 156/(-117)*(-2348469)/12 prime?
True
Let m = -554793 + 1547252. Is m composite?
True
Let o(p) be the second derivative of -9*p**3 + 4*p**2 - 17*p. Let j be o(-4). Suppose -3*h + 85 = -j. Is h a composite number?
False
Let g(c) = 16*c - 3. Let q be g(1). Suppose -18*m + 10 = -q*m. Suppose 7*j - 2*j = 3*a - 129, 2*a + m*j - 86 = 0. Is a composite?
False
Suppose 15*k - 17*k = -u - 417821, 5*u = -2*k + 417851. Is k a prime number?
False
Let v(a) = -2*a**3 + 5*a**2 - 17*a + 21. Let n be v(3). Is 3/((-12)/26434*n/78) a prime number?
True
Suppose -8*f + 4*w = -1868960, -3*f + 4*w + 107885 + 592970 = 0. Is f prime?
True
Let c = -36829 + 4242. Let z = c - -47008. Let x = z - 9850. Is x composite?
True
Let x = 1823028 - 1162739. Is x composite?
True
Let r be 116/36 - (-2)/(-9). Suppose r*x + 3*d = 9705, 4*x + 2*d - 9706 = x. Suppose -5*u = -u - x. Is u a prime number?
True
Suppose -4*g = -34389 + 13937. Suppose 37166 = 10*c + 10406. Let y = g - c. Is y a composite number?
False
Let z(h) = 175*h**2 - 104*h - 1242. Is z(-11) a prime number?
False
Suppose -15*l + 33*l + 799592 = 26*l. Is l composite?
True
Let h be (1 - -8)*((-56)/12)/(-7). Let g be 2/(((-4)/(-8))/(h/4)). Suppose g*k = 3*k + 6927. Is k a composite number?
False
Let l(u) = 25*u**3 + 6*u**2 + 41*u - 91. Let s(o) = -17*o**3 - 4*o**2 - 27*o + 60. Let q(x) = 5*l(x) + 7*s(x). Is q(4) composite?
True
Suppose 383437 = 15*u - 183278. Is u a composite number?
False
Suppose 0 = -x - 284 + 6015. Suppose 6*b - 5*b = x. Suppose 12*y + 703 = b. Is y a composite number?
False
Suppose 357 = i - 4*k, -2*k - k = 6. Let x = 3004 - 3004. Suppose -f + i + 1060 = x. Is f composite?
False
Suppose -d + 6*d = 2080. Suppose -201 = -t + d. Suppose -3*m + 2194 = -t. Is m prime?
True
Is (-3)/(-6) - (-1242248)/16 prime?
True
Suppose h + 0*h + 3*k - 17 = 0, -5*h + 5*k = -5. Suppose -4*u + 7117 = i - 4*i, 8900 = h*u - 5*i. Is u prime?
True
Let y be 3 + (3 - 8 - -3). Let l(w) = 4247*w + 2. Is l(y) a prime number?
False
Suppose 1796079 = 57*k + k - 982933. Is k a prime number?
False
Suppose -3*v = -5*h - 15, -h - 2*v + 7*v - 25 = 0. Is (-1)/(-2)*h + 2333 prime?
True
Suppose 0 = 24*a - 80199 - 359985. Is a a prime number?
True
Suppose 7*n = 18*n + 297. Let q = n - -19. Is ((8 - 10) + (-598)/q)*4 a prime number?
False
Let q = -627 + 632. Suppose 6849 = -0*r + r. Suppose -3*d + r = 3*z, z + 70 = -q*d + 11477. Is d composite?
False
Let z = -25 - 74. Let x = z - 207. Let b = -164 - x. Is b a prime number?
False
Suppose -3*f = 2*l + 35, -4*f - 4*l - 49 = l. Let p = 843 - 340. Let x = p - f. Is x prime?
False
Let f = 40544 + -12223. Is f a prime number?
False
Suppose 11 = 2*w + s, -3*w - 2*w = 2*s - 29. Is (-2)/w - (-1340465)/245 a composite number?
False
Suppose w + 7 = 38. Let t = w + -33. Is ((-187)/(-51))/(t/(-186)) composite?
True
Let r = 3 + 1122. Suppose -3*v - x = -738, -4*v - 134 + r = -x. Is v prime?
False
Let t = 43 